-n**5/20 + n**4/2 - n**3 - 3*n**2/2 - 26*n. Determine r(m).
-8
Let d(f) = 2*f**2 - 15*f - 17. Let t(w) = 5*w**2 - 44*w - 50. Let n(z) = -8*d(z) + 3*t(z). What is n(-10)?
6
Let h(z) = -z - 3. Let m(k) = -k - 4. Let q(s) = 2*h(s) - 3*m(s). Suppose 3*r = 4*r + u - 8, 2*r - 12 = -3*u. Suppose 2*o = 5*o + r. Give q(o).
2
Let o = -78 - -80. Suppose 0 = a - 4*r - o, -5*a + 45 = -2*r + 17. Let f(i) = i**3 - 7*i**2 + 3*i + 7. What is f(a)?
-11
Let r(h) = 55 - 113 + 59 - h. Let w = -113 - -118. Give r(w).
-4
Let m(b) = b**3 + 22*b**2 + b + 24. Let a be m(-22). Let i(f) = 44*f**2 + 3 + 3*f**3 + 2*f - 19*f**a - 22*f**2. What is i(-2)?
-13
Let l(x) = -x**3 - 5*x**2 + 4*x. Let y be 5/((2/(-12))/((-53)/(-318))). Calculate l(y).
-20
Let l(w) be the second derivative of 0 + 44*w - 1/6*w**3 - 1/2*w**2 - 1/4*w**4. Suppose 2*j = j, -4*h = 5*j + 4. Give l(h).
-3
Let t(d) = -5*d**2 - 17*d + 13. Let j(s) = 4*s**2 + 17*s - 13. Let i(m) = 6*j(m) + 5*t(m). Let x be i(16). Let l(y) = -2*y**2 - y + 1. Calculate l(x).
-20
Let j(n) = n + 15. Suppose -886*a + 889*a = -18. Calculate j(a).
9
Let w be 0/((1/3)/(19/(-171))). Let h(g) = -g**3 - g**2 + 2*g + 10. Give h(w).
10
Suppose -37 - 43 = 16*o. Let j(x) = -x**3 - 4*x**2 + 4*x + 5. Give j(o).
10
Let m(v) = 48*v - 149*v + 53*v + 0 + 49*v + 1. Let r be 8/(-2) + 5 + -3. Determine m(r).
-1
Let s(f) = -f**2 + 3*f + 8. Let n be s(0). Let y(g) = 8*g**2 - n*g - g - 5*g + 2*g + g**3 - 11. What is y(-9)?
16
Let d(h) = 6*h - 1. Let u be 1 - (-1 + (-6 - -3)). Suppose -6 - 84 = -u*w. Let g be w/15 + 2/(-10). Determine d(g).
5
Let p(f) = f - 7. Let r be p(-6). Let b = r + 16. Let v(q) = 0*q - b - 3*q + 2 + 4*q. What is v(6)?
5
Let n(q) be the first derivative of 2*q**3/3 - 3*q + 1. Suppose 0 = -14*v + 9*v + 25. Suppose 9*u = v*u + 3*o + 18, 2*u - 4*o - 14 = 0. Calculate n(u).
15
Let f(p) = -10*p - 18. Let n(t) = -29*t - 52. Let y(x) = -17*f(x) + 6*n(x). Suppose -5*d + d = 24. Give y(d).
18
Let n(r) = -2*r + 6. Suppose 18*o - 4 = 17*o. Suppose 4*g = 4*h - 24, o*g + 9 + 3 = h. Suppose 5*t = -h*d - 1, -3*t = 5*d - 0*t - 15. What is n(d)?
-6
Let u(t) be the third derivative of -t**5/60 + t**4/24 + 7*t**3/6 - t**2 - 56*t. Determine u(-3).
-5
Suppose 4*p - 20 = -4*s + 12, -5*s = 2*p - 31. Suppose p*y = -0*y + 3. Let o(g) = -g - 1. Let c(u) = 3. Let q(b) = y*c(b) + 2*o(b). Determine q(-3).
7
Let w(i) be the third derivative of i**4/24 - 4*i**3/3 - 126*i**2. What is w(6)?
-2
Let n(h) = -h**3 + 2*h**2 + 3*h - 3. Suppose -25*p + 12 = -88. Calculate n(p).
-23
Let l = 3180 + -3185. Let w(b) = -b**3 - 4*b**2 + 6*b + 4. What is w(l)?
-1
Let u(y) = y - 3. Let r(j) = -j + 7. Let w(p) = r(p) + 2*u(p). Determine w(-6).
-5
Let h be (-10)/(-4)*(-6 + 4). Let m = 12 - 10. Let r(w) = -5*w - w**3 + 2*w**3 - 12*w**2 + 16*w**m - 4. Give r(h).
-4
Let s = 156 - 156. Let z(y) be the second derivative of y**4/12 - 3*y**2/2 - y. Give z(s).
-3
Let u(c) = c**3 - c**2 + 1. Let l(i) = -2*i**3 + 28*i**2. Let r be l(14). Give u(r).
1
Let k = -129 + 127. Let g(s) = -s**3 - 2*s**2 - 2*s - 2. Determine g(k).
2
Let n(s) = 807 - 2*s**3 - 806 - s + 3*s**3 + 3*s**2. Suppose 7 - 1 = -3*y + x, 3*y + 4*x + 21 = 0. Give n(y).
4
Let o(c) = -50*c**2 + 84*c + 51*c**2 - 5 - 87*c. Give o(4).
-1
Let m(t) = 2*t**3 + 10*t**2 - t - 5. Let y(n) be the third derivative of n**6/120 + n**5/12 - n**4/24 - n**3/3 + 4*n**2. Let g(k) = 4*m(k) - 9*y(k). Give g(-6).
4
Let m(d) = -d**3 - 8*d**2 + 8*d + 11. Let u be m(-9). Let c(o) = -8 + o - 10 - 5 + u. Give c(-4).
-7
Let c(y) = 4*y - 6*y - 10*y + 3. Let r be c(-3). Let z(d) = -2*d**2 + 47 - r + 3*d**2 + d. Determine z(0).
8
Suppose -s + 4*j = 2*j - 18, 3*s - 19 = -j. Suppose -4*x + 2*o - s = 0, 0 = 5*x + 3*o - 12. Let i(h) = -h**2 - h - 27. What is i(x)?
-27
Suppose 2*h - 8 = -2. Suppose -2*s - h*m + 2 = 0, -2*s = -4*s + 5*m + 2. Let g be -3 + 2/2 + s. Let d(c) = 3*c**2 + 2*c + 1. Determine d(g).
2
Let h(j) be the third derivative of j**5/20 - 3*j**2. Let t(v) = -v**2 + 1. Let x(q) = -h(q) - t(q). Give x(1).
-3
Let r(m) = -m**2 - 3*m + 1. Let w(j) = 17*j - 12. Let l be w(5). Suppose -l*v + 4 = -71*v. Calculate r(v).
-9
Let t = -22 + 37. Let o be 15/6*12/t. Let r be o - (3 + 3/(-3)). Let m(w) = w + 1. What is m(r)?
1
Let t(r) be the first derivative of r**4/4 - r**3 - 7*r**2/2 + 2*r - 198. Calculate t(5).
17
Let f(n) = 3*n**2 - 2*n - 2. Let k be 5 + -4 + -4 + 5. Suppose -k*v + 6 = -v. Suppose -v = -s - 4. Give f(s).
6
Let i = -46 - -3. Let m = 36 + i. Let r(b) = -14*b + 3 + b**3 + 6*b + 6*b**2 + 0. Give r(m).
10
Suppose -956 = -7*c - 1019. Let b(j) = j**3 + 10*j**2 + 9*j + 7. Give b(c).
7
Let u(h) = 3*h + 1. Let f(q) = -7*q - 2. Let x(l) = -2*f(l) - 5*u(l). Let m(b) = -3*b + 1. Let o(n) = -m(n) + 2*x(n). Calculate o(5).
2
Let w(u) = 2*u + 5. Let r be -2*2 + (5 - -3). Suppose l = r*d - 5, d + 2*d - 3*l - 15 = 0. Suppose d*y - 4 = y. Give w(y).
-3
Let l(r) = -r**2 - 4*r + 4. Suppose 3*n - 147 - 33 = 0. Suppose 3*k + 88 = 4*b, -5*k + 61 - 193 = -3*b. Let q be (-28)/5 + k/n. Give l(q).
-8
Let r(p) = 3*p + 21. Let t be r(-8). Let i(j) = j**3 + 3*j**2 - 3*j - 3. Let x be i(t). Let g(m) = -4*m + 6. Determine g(x).
-18
Suppose -u = -4*u + 9. Let l(a) = -a**2 - 1. Let d(p) = -p**2 - p. Let q(c) = 2*d(c) - l(c). Give q(u).
-14
Let w(r) be the second derivative of r**5/20 - r**4/4 - 2*r**3/3 + 83*r. Suppose 4*j = 3 + 1. Suppose -5*m = t + 7, 5*m + 9 + j = 0. Give w(t).
-12
Let c(y) = 3*y**3 - 2*y**3 + y - 2*y - 4*y**2 + 0*y + 2. Let b be 5/25 - -3 - 1/5. Determine c(b).
-10
Let q be (-3)/(-6) - (-4 + 65/(-10)). Let m(o) = o**2 - 9*o - 14. What is m(q)?
8
Suppose 3*y - 6 = 2*y. Suppose 5 = y*v - v. Let q(j) = 0*j - 5*j + 2*j - v + 0*j. Calculate q(3).
-10
Let b(r) = 0*r**2 + 0*r + 5*r - 5*r**2 - 2*r - 2*r. Give b(2).
-18
Let u(n) = 5*n**2 - 3*n + 4. Let q = -106 - -109. Determine u(q).
40
Let o(a) = a - 5. Let x(p) = -p**3 + 5*p**2 + 7*p - 8. Let i = -10 - -16. Let q be x(i). Let u be (0/(-3))/(6/q). Calculate o(u).
-5
Let h = -332 + 1072. Suppose -4*q = -9*q + h. Let l(k) = 150*k - q*k + 5 - 3*k**2 - 2. What is l(-2)?
-13
Suppose -3*g = -4*z + 11, 4*z = 5*g + 7 - 2. Suppose -1 = g*o + 8. Let c(u) = -27 + 15 - 3*u + u + 13. What is c(o)?
7
Let y(x) = -x + 3. Suppose -7 - 1 = 4*p. Let k be -1 + 28/(6 + p). Determine y(k).
-3
Let r(z) = 4 - 2*z - z + z + 5*z - 2*z. Let o = -11 + 1. Determine r(o).
-6
Let n be 5 - (36/20 - 2/(-10)). Let l(d) = -1 - 3*d + d**n + 0*d - d - d**2. What is l(3)?
5
Let c(z) = -2*z + 4. Suppose -3*v + 5*f - 31 = v, -4*v - f - 13 = 0. Let l(y) = -3*y + 5. Let r(k) = v*l(k) + 5*c(k). Calculate r(6).
12
Suppose 3*t + 16 = 5*a, 5*t - 3*a + 18 = a. Let w(h) = -h**3 - 3*h**2 - 2*h + 6. Give w(t).
6
Let k(j) be the second derivative of 1/20*j**5 + 0 + 5/2*j**2 + 1/3*j**4 - 1/2*j**3 - 2*j. Let r(b) = b**3 + 11*b**2 - 12*b - 5. Let l be r(-12). Give k(l).
-5
Let a(k) = k - 7. Let f(m) = m**2 + 7*m + 12. Let p be f(-6). Let h(l) = 11. Let b(j) = 5. Let q(t) = 13*b(t) - 6*h(t). Let i(z) = p*q(z) - a(z). Give i(1).
0
Suppose -2*z - 14 = -4*r, -r = 4*z - 4*r + 13. Let q be (-33)/(-5) - (-26)/65. Let v be -1 - (-2 + q + z). Let x(f) = f**2 + 4*f. Determine x(v).
5
Suppose -5*j = 2*m + 33, 7*m = 2*m + 4*j - 33. Let b(v) = 7*v**3 - 12*v**2 + 13*v + 11. Let f(k) = 2*k**3 - k**2 + k. Let o(t) = -b(t) + 4*f(t). Give o(m).
-11
Let z(f) = 3*f**2 - 2*f + 1. Let b = 11 + -13. Let d(p) = 2*p + 2. Let h be d(b). Let o be -1 + 0 + (-4)/h. What is z(o)?
2
Let a(v) = 2*v + 4 - 4*v + v. Suppose -4*z - 2 = 4*w - 22, 0 = -4*w + 3*z + 41. Give a(w).
-4
Let h(u) = -2*u + 8. Let r be 22/4 - (-16)/32. Give h(r).
-4
Let u(c) be the first derivative of 0*c - 1/120*c**5 + 0*c**2 - 1/24*c**4 - 1/3*c**3 + 6. Let h(i) be the third derivative of u(i). Give h(-6).
5
Let c be ((-33)/9 - -3)/((-2)/27). Let k(j) = j - 15. Calculate k(c).
-6
Let w(b) = -2*b**3 + 3*b**2 - 2*b - 2. Let u be (-2 - 24/(-10)) + 4/(-10). Let q be 8/(-6) + 2/(-3). Let z = u - q. Give w(z).
-10
Let d = -82 + 86. Let t(u) = -2*u + d*u + 2*u - 9 - 3*u. Let j = -7 - -11. Calculate t(j).
-5
Let z(v) = 2*v - 4. Let p(i) = -i. Let o(u) = u**3 - 8*u**2 + 6*u + 11. Let a be o(7). Let q be p(a). Determine z(q).
-12
Let p(v) be the second derivative of -1/4*v**4 - 3/2*v**2 + 0 - 1/3*v**3 - 2*v - 1/20*v**5. Let f be 9/(